a
In base 15, what is 4 + 104?
108
In base 15, what is -1b0 - -4?
-1ab
In base 11, what is -4 - -28?
24
In base 8, what is 754 - 0?
754
In base 12, what is 184 - 1?
183
In base 16, what is 4 + 33?
37
In base 6, what is 1203 + 0?
1203
In base 9, what is -8 - 3?
-12
In base 13, what is -1624 + 4?
-1620
In base 14, what is 33 - 0?
33
In base 11, what is 3 - 4a?
-47
In base 3, what is -21 + -20?
-111
In base 12, what is -438 - 2?
-43a
In base 13, what is 36 + -5?
31
In base 13, what is -43 + -86?
-c9
In base 12, what is -87 + 0?
-87
In base 9, what is -4 - -3365?
3361
In base 9, what is -7 + -585?
-603
In base 15, what is -296 + -9?
-2a0
In base 12, what is 6 - -5b?
65
In base 16, what is 4 - 1a5?
-1a1
In base 15, what is -3 + -613?
-616
In base 4, what is -3 - -1200?
1131
In base 11, what is 1a + -35?
-16
In base 12, what is -4 + -183?
-187
In base 2, what is 0 + 1111010111?
1111010111
In base 13, what is 8 + 23?
2b
In base 16, what is 0 + 12?
12
In base 10, what is -1753 - -2?
-1751
In base 4, what is 10 - 13220?
-13210
In base 6, what is -2 - -3000?
2554
In base 4, what is -2 - -2102231?
2102223
In base 16, what is -3 + 37?
34
In base 5, what is 300 + -2?
243
In base 6, what is 2 - -13021?
13023
In base 13, what is -184 + 1?
-183
In base 14, what is 5aa - 11?
599
In base 15, what is -3a + 18?
-22
In base 16, what is 89a7 - -1?
89a8
In base 11, what is -1 + 127?
126
In base 14, what is 2 - -d3?
d5
In base 2, what is -10101011100 + 101?
-10101010111
In base 11, what is 2 - -144?
146
In base 8, what is -3 + 22?
17
In base 8, what is -73 + 21?
-52
In base 3, what is 100210010 - -2?
100210012
In base 15, what is -4c - -2?
-4a
In base 2, what is 1 + 110011?
110100
In base 14, what is -1b - 3?
-20
In base 16, what is 2c5e - -4?
2c62
In base 8, what is 41 + -12?
27
In base 12, what is 11 - -26?
37
In base 7, what is -2 + -3330?
-3332
In base 15, what is 4 + 1ec?
201
In base 3, what is 1110000221 + -10?
1110000211
In base 14, what is 49 - 6?
43
In base 13, what is -27 - -8?
-1c
In base 3, what is -120112 - 0?
-120112
In base 5, what is 102112 + 3?
102120
In base 7, what is -436 - -3?
-433
In base 8, what is -10 - -7?
-1
In base 5, what is 10 - 2103?
-2043
In base 9, what is 476 - -2?
478
In base 3, what is -12 - 121011?
-121100
In base 13, what is 1 - 434?
-433
In base 16, what is 3e2 + -6?
3dc
In base 2, what is -100000 - -1001100101?
1001000101
In base 15, what is -46 + 5?
-41
In base 7, what is 1062 - -2?
1064
In base 5, what is 120 - -143?
313
In base 11, what is 2 + 6?
8
In base 10, what is 73 + 313?
386
In base 7, what is 3 + 310?
313
In base 16, what is 13f + 0?
13f
In base 7, what is -3 - 1044?
-1050
In base 6, what is -411321 + -4?
-411325
In base 12, what is -112 + 1?
-111
In base 6, what is 351 - 4?
343
In base 14, what is 2210 + 4?
2214
In base 15, what is -472 - 2?
-474
In base 14, what is -1a7 - -6?
-1a1
In base 12, what is -32 - -4?
-2a
In base 12, what is 853 + 0?
853
In base 14, what is -4 + -62?
-66
In base 15, what is 1 - 35?
-34
In base 12, what is 3 - -37?
3a
In base 10, what is 46 + 24?
70
In base 5, what is 0 + -10234?
-10234
In base 8, what is 3 - 146?
-143
In base 13, what is 5 - 2c?
-27
In base 12, what is -55 - 1?
-56
In base 9, what is 4 - -206?
211
In base 5, what is 11032 + 0?
11032
In base 11, what is -78 - 2?
-7a
In base 3, what is -12110 - 2?
-12112
In base 5, what is -1410 + 1?
-1404
In base 6, what is 13 - 5?
4
In base 7, what is -536 + -3?
-542
In base 16, what is 0 + -ef?
-ef
In base 6, what is 5 + -12034?
-12025
In base 3, what is -1 - 12122101?
-12122102
In base 10, what is -3 - 615?
-618
In base 8, what is -43411 - -5?
-43404
In base 6, what is -32 + -35?
-111
In base 8, what is -5555 - 15?
-5572
In base 11, what is 7 + -120a?
-1203
In base 9, what is 0 + 4?
4
In base 15, what is 14 - 36?
-22
In base 8, what is 44 - 2?
42
In base 15, what is 603 + 3?
606
In base 7, what is 45550 + -3?
45544
In base 4, what is -10 - -23331?
23321
In base 7, what is -42 - -2?
-40
In base 13, what is -211 - -7?
-207
In base 15, what is 35 + 0?
35
In base 6, what is -4 + -400?
-404
In base 16, what is -4e + -4?
-52
In base 10, what is 21 + 13?
34
In base 6, what is 10201 + 4?
10205
In base 9, what is -52 - -112?
50
In base 12, what is 6 - -b28?
b32
In base 6, what is -103 + 10?
-53
In base 13, what is 106 - 1?
105
In base 14, what is 306 - 0?
306
In base 6, what is 103 + 4?
111
In base 13, what is -17 - 6?
-20
In base 4, what is 13 + 33011?
33030
In base 3, what is 22212 + -12?
22200
In base 12, what is 2a - -48?
76
In base 3, what is -12 - -222?
210
In base 16, what is a8 - -a?
b2
In base 4, what is -320 + 103?
-211
In base 16, what is 6 + -15?
-f
In base 7, what is 105 - 2?
103
In base 2, what is 1110011 - -11?
1110110
In base 12, what is -150 - 3?
-153
In base 14, what is 34 - 3?
31
In base 13, what is -3 + -24a?
-250
In base 5, what is 4 - -221112?
221121
In base 4, what is 10003 - 2?
10001
In base 3, what is 10 + 1100?
1110
In base 12, what is 4 - -9?
11
In base 2, what is -101100000 + 10000?
-101010000
In base 5, what is -3 + 222?
214
In base 11, what is -2746 - -2?
-2744
In base 11, what is 5 + -56?
-51
In base 16, what is 5 + -d?
-8
In base 3, what is -11122 - -12?
-11110
In base 5, what is -231 + -30?
-311
In base 4, what is -122 + 1?
-121
In base 12, what is 251b + 3?
2522
In base 5, what is -104213 - -1?
-104212
In base 7, what is 124 - 62?
32
In base 6, what is 104 - -40?
144
In base 6, what is 53 + 2?
55
In base 15, what is 1c2 - 14?
1ad
In base 10, what is -5 - 534?
-539
In base 11, what is 4 - -147?
150
In base 4, what is 23 - -30301?
30330
In base 14, what is -d7 + -1b?
-114
In base 12, what is -4 + 37?
33
In base 5, what is 1 + 2343?
2344
In base 9, what is -1011 - 1?
-1012
In base 8, what is -1232 + 41?
-1171
In base 7, what is 5 + -43?
-35
In base 10, what is 3673 - 5?
3668
In base 6, what is 53 - 40?
13
In base 11, what is 1 + 43?
44
In base 5, what is 0 + 131?
131
In base 11, what is 1146 - 5?
1141
In base 2, what is -1101001 + -1001100?
-10110101
In base 4, what is 300 + -1?
233
In base 10, what is -71 + -4?
-75
In base 5, what is 1 - 2220?
-2214
In base 11, what is 5 + -6?
-1
In base 7, what is 5 - -4400?
4405
In base 5, what is 4 + -10004?
-10000
In base 16, what is 9 - 11?
-8
In base 14, what is 5354 - 5?
534d
In base 11, what is 6 + -13?
-8
In base 6, what is -30 - 13?
-43
In base 12, what is -2 - 837?
-839
In base 8, what is -3 + 150?
145
In base 14, what is 180 + -3?
17b
In base 5, what is -202 + -3040?
-3242
In base 16, what is a2 - 3?
9f
In base 3, what is -101 + -2012?
-2120
In base 5, what is 30 - 3?
22
In base 4, what is 1 + -1133?
-1132
In base 8, what is 5 - -61?
66
In base 12, what is 0 + 2b?
2b
In base 8, what is -200 + -151?
-351
In base 12, what is 539 - 1?
538
In base 10, what is -191 + -29?
-220
In base 12, what is -40 + 0?
-40
In base 15, what is -30 + 4?
-2b
In base 13, what is 3 - 7c?
-79
In base 16, what is -6ad + 5?
-6a8
In base 10, what is -1 + -515?
-516
In base 5, what is 132 + 20?
202
In base 3, what is 22 - -11010?
11102
In base 3, what is 12 - 2121?
-2102
In base 12, what is -17 + -2?
-19
In base 11, what is -2 - 41?
-43
In base 12, what is -984 + -7?
-98b
In base 6, what is 0 - 43012?
-43012
In base 13, what is 1 + 1745?
1746
In base 4, what is 10 + -233?
-223
In base 11, what is 1 - 27?
-26
In base 4, what is -3000 - -322?
-2012
In base 2, what is 11 - -10?
101
In base 14, what is -609 - 0?
-609
In base 3, what is 102 - 1120011?
-1112202
In base 7, what is 515 - 2?
513
In base 12, what is 0 - -219?
219
In base 11, what is 31a + 1?
320
In base 6, what is 10134 - 11?
10123
In base 13, what is -25 + -b?
-33
In base 16, what is 12 + -94?
-82
In base 15, what is 92c + 2?
92e
In base 10, what is 2444 - 4?
2440
In base 12, what is -5300 - -4?
-52b8
In base 5, what is 23 + -10?
13
In base 13, what is 164 + -65?
cc
In base 10, what is 328 - -4?
332
In base 11, what is 190 - 2?
189
In base 4, what is 2230010 + -11?
2223333
In base 11, what is -33 - 39?
-71
In base 6, what is -11121 - 3?
-11124
In base 2, what is 10 + -100000?
-11110
In base 15, what is 3 - 279?
-276
In base 15, what is 1 - -581?
582
In base 3, what is 1 + -10101?
-10100
In base 10, what is -6 - -9?
3
In base 9, what is 